{"id":154,"date":"2025-02-17T20:26:52","date_gmt":"2025-02-17T20:26:52","guid":{"rendered":"https:\/\/seetro.org\/2025\/activities\/"},"modified":"2025-07-18T09:09:19","modified_gmt":"2025-07-18T09:09:19","slug":"venue","status":"publish","type":"page","link":"https:\/\/seetro.org\/2025\/venue\/","title":{"rendered":"Accommodation and Venue"},"content":{"rendered":"\t\t<div data-elementor-type=\"wp-page\" data-elementor-id=\"154\" class=\"elementor elementor-154\">\n\t\t\t\t<div class=\"elementor-element elementor-element-9a1edf8 e-flex e-con-boxed e-con e-parent\" data-id=\"9a1edf8\" data-element_type=\"container\">\n\t\t\t\t\t<div class=\"e-con-inner\">\n\t\t\t\t<div class=\"elementor-element elementor-element-5652a6e elementor-widget elementor-widget-heading\" data-id=\"5652a6e\" data-element_type=\"widget\" data-widget_type=\"heading.default\">\n\t\t\t\t<div class=\"elementor-widget-container\">\n\t\t\t\t\t<h2 class=\"elementor-heading-title elementor-size-default\">HOTELS<\/h2>\t\t\t\t<\/div>\n\t\t\t\t<\/div>\n\t\t\t\t\t<\/div>\n\t\t\t\t<\/div>\n\t\t<div class=\"elementor-element elementor-element-78449d7 e-flex e-con-boxed e-con e-parent\" data-id=\"78449d7\" data-element_type=\"container\">\n\t\t\t\t\t<div class=\"e-con-inner\">\n\t\t<div class=\"elementor-element elementor-element-116a73d e-con-full e-flex e-con e-child\" data-id=\"116a73d\" data-element_type=\"container\">\n\t\t\t\t<div class=\"elementor-element elementor-element-3b00116 elementor-widget elementor-widget-heading\" data-id=\"3b00116\" data-element_type=\"widget\" data-widget_type=\"heading.default\">\n\t\t\t\t<div class=\"elementor-widget-container\">\n\t\t\t\t\t<h4 class=\"elementor-heading-title elementor-size-default\">AC Hotel Istanbul Ma\u00e7ka<\/h4>\t\t\t\t<\/div>\n\t\t\t\t<\/div>\n\t\t\t\t<div class=\"elementor-element elementor-element-132f9ea elementor-widget elementor-widget-image\" data-id=\"132f9ea\" data-element_type=\"widget\" data-widget_type=\"image.default\">\n\t\t\t\t<div class=\"elementor-widget-container\">\n\t\t\t\t\t\t\t\t\t\t\t\t\t\t\t<img fetchpriority=\"high\" decoding=\"async\" width=\"1024\" height=\"667\" src=\"https:\/\/seetro.org\/2025\/wp-content\/uploads\/2025\/03\/Ac-Hotel-Istanbul-Macka-Exterior-1-1024x667.jpeg\" class=\"attachment-large size-large wp-image-1205\" alt=\"\" srcset=\"https:\/\/seetro.org\/2025\/wp-content\/uploads\/2025\/03\/Ac-Hotel-Istanbul-Macka-Exterior-1-1024x667.jpeg 1024w, https:\/\/seetro.org\/2025\/wp-content\/uploads\/2025\/03\/Ac-Hotel-Istanbul-Macka-Exterior-1-300x196.jpeg 300w, https:\/\/seetro.org\/2025\/wp-content\/uploads\/2025\/03\/Ac-Hotel-Istanbul-Macka-Exterior-1-768x501.jpeg 768w, https:\/\/seetro.org\/2025\/wp-content\/uploads\/2025\/03\/Ac-Hotel-Istanbul-Macka-Exterior-1.jpeg 1074w\" sizes=\"(max-width: 1024px) 100vw, 1024px\" \/>\t\t\t\t\t\t\t\t\t\t\t\t\t\t\t<\/div>\n\t\t\t\t<\/div>\n\t\t\t\t<div class=\"elementor-element elementor-element-0715721 elementor-widget elementor-widget-text-editor\" data-id=\"0715721\" data-element_type=\"widget\" data-widget_type=\"text-editor.default\">\n\t\t\t\t<div class=\"elementor-widget-container\">\n\t\t\t\t\t\t\t\t\t<p>If you&#8217;re looking for a comfortable and modern stay close to the congress venue,\u00a0<strong>AC Hotel Istanbul Macka<\/strong>\u00a0is a great option. Located in the lively Be\u015fikta\u015f district, this stylish hotel offers cozy rooms, a fitness center, and a sauna\u2014perfect for unwinding after a long day at the conference. Plus, it&#8217;s just\u00a0<strong>1.5 km from Bah\u00e7e\u015fehir University Be\u015fikta\u015f Campus<\/strong>, making it a convenient choice for SEETRO 2025 attendees.<\/p><p>\u00a0<strong>Check it out here:<\/strong>\u00a0<a href=\"https:\/\/www.marriott.com\/en-us\/hotels\/istac-ac-hotel-istanbul-macka\/overview\/\" target=\"_blank\" rel=\"noopener\" data-saferedirecturl=\"https:\/\/www.google.com\/url?q=https:\/\/www.marriott.com\/en-us\/hotels\/istac-ac-hotel-istanbul-macka\/overview\/&amp;source=gmail&amp;ust=1741253959697000&amp;usg=AOvVaw0mdqUpP63jdlHroOU8pOKl\">AC Hotel Istanbul Macka<\/a><\/p><p>\u00a0<\/p>\t\t\t\t\t\t\t\t<\/div>\n\t\t\t\t<\/div>\n\t\t\t\t<\/div>\n\t\t<div class=\"elementor-element elementor-element-efffc70 e-con-full e-flex e-con e-child\" data-id=\"efffc70\" data-element_type=\"container\">\n\t\t\t\t<div class=\"elementor-element elementor-element-a31948b elementor-widget elementor-widget-heading\" data-id=\"a31948b\" data-element_type=\"widget\" data-widget_type=\"heading.default\">\n\t\t\t\t<div class=\"elementor-widget-container\">\n\t\t\t\t\t<h4 class=\"elementor-heading-title elementor-size-default\">The Artisan Istanbul MGallery<\/h4>\t\t\t\t<\/div>\n\t\t\t\t<\/div>\n\t\t\t\t<div class=\"elementor-element elementor-element-019602d elementor-widget elementor-widget-image\" data-id=\"019602d\" data-element_type=\"widget\" data-widget_type=\"image.default\">\n\t\t\t\t<div class=\"elementor-widget-container\">\n\t\t\t\t\t\t\t\t\t\t\t\t\t\t\t<img decoding=\"async\" width=\"1024\" height=\"718\" src=\"https:\/\/seetro.org\/2025\/wp-content\/uploads\/2025\/03\/274675772.jpg\" class=\"attachment-large size-large wp-image-1196\" alt=\"\" srcset=\"https:\/\/seetro.org\/2025\/wp-content\/uploads\/2025\/03\/274675772.jpg 1024w, https:\/\/seetro.org\/2025\/wp-content\/uploads\/2025\/03\/274675772-300x210.jpg 300w, https:\/\/seetro.org\/2025\/wp-content\/uploads\/2025\/03\/274675772-768x539.jpg 768w\" sizes=\"(max-width: 1024px) 100vw, 1024px\" \/>\t\t\t\t\t\t\t\t\t\t\t\t\t\t\t<\/div>\n\t\t\t\t<\/div>\n\t\t\t\t<div class=\"elementor-element elementor-element-c1c4993 elementor-widget elementor-widget-text-editor\" data-id=\"c1c4993\" data-element_type=\"widget\" data-widget_type=\"text-editor.default\">\n\t\t\t\t<div class=\"elementor-widget-container\">\n\t\t\t\t\t\t\t\t\t<p>For those who love a touch of elegance,\u00a0<strong>The Artisan Istanbul MGallery<\/strong>\u00a0is a fantastic boutique hotel near Taksim Square. With its artistic design, comfortable rooms, and easy access to the Bosphorus, it\u2019s a great place to relax while enjoying the energy of Istanbul. The hotel is\u00a0<strong>around 2 km from Bah\u00e7e\u015fehir University Be\u015fikta\u015f Campus<\/strong>, so you\u2019ll be close to the action while staying in style.<\/p><p>\u00a0<strong>More details here:<\/strong>\u00a0<a href=\"https:\/\/www.theartisanistanbul.com\/tr\/\" target=\"_blank\" rel=\"noopener\" data-saferedirecturl=\"https:\/\/www.google.com\/url?q=https:\/\/www.theartisanistanbul.com\/tr\/&amp;source=gmail&amp;ust=1741253959697000&amp;usg=AOvVaw3R6cKapwZpjJoKt_ak301E\">The Artisan Istanbul MGallery<\/a><\/p><p>\u00a0<\/p>\t\t\t\t\t\t\t\t<\/div>\n\t\t\t\t<\/div>\n\t\t\t\t<\/div>\n\t\t\t\t\t<\/div>\n\t\t\t\t<\/div>\n\t\t\t\t<\/div>\n\t\t","protected":false},"excerpt":{"rendered":"<p>HOTELS AC Hotel Istanbul Ma\u00e7ka If you&#8217;re looking for a comfortable and modern stay close to the congress venue,\u00a0AC Hotel Istanbul Macka\u00a0is a great option. Located in the lively Be\u015fikta\u015f district, this stylish hotel offers cozy rooms, a fitness center, and a sauna\u2014perfect for unwinding after a long day at the conference. Plus, it&#8217;s just\u00a01.5 [&hellip;]<\/p>\n","protected":false},"author":2,"featured_media":0,"parent":0,"menu_order":0,"comment_status":"closed","ping_status":"closed","template":"","meta":{"site-sidebar-layout":"no-sidebar","site-content-layout":"page-builder","ast-site-content-layout":"","site-content-style":"default","site-sidebar-style":"default","ast-global-header-display":"","ast-banner-title-visibility":"","ast-main-header-display":"","ast-hfb-above-header-display":"","ast-hfb-below-header-display":"","ast-hfb-mobile-header-display":"","site-post-title":"disabled","ast-breadcrumbs-content":"disabled","ast-featured-img":"disabled","footer-sml-layout":"","theme-transparent-header-meta":"default","adv-header-id-meta":"","stick-header-meta":"","header-above-stick-meta":"","header-main-stick-meta":"","header-below-stick-meta":"","astra-migrate-meta-layouts":"default","ast-page-background-enabled":"default","ast-page-background-meta":{"desktop":{"background-color":"","background-image":"","background-repeat":"repeat","background-position":"center center","background-size":"auto","background-attachment":"scroll","background-type":"","background-media":"","overlay-type":"","overlay-color":"","overlay-opacity":"","overlay-gradient":""},"tablet":{"background-color":"","background-image":"","background-repeat":"repeat","background-position":"center center","background-size":"auto","background-attachment":"scroll","background-type":"","background-media":"","overlay-type":"","overlay-color":"","overlay-opacity":"","overlay-gradient":""},"mobile":{"background-color":"","background-image":"","background-repeat":"repeat","background-position":"center center","background-size":"auto","background-attachment":"scroll","background-type":"","background-media":"","overlay-type":"","overlay-color":"","overlay-opacity":"","overlay-gradient":""}},"ast-content-background-meta":{"desktop":{"background-color":"var(--ast-global-color-5)","background-image":"","background-repeat":"repeat","background-position":"center center","background-size":"auto","background-attachment":"scroll","background-type":"","background-media":"","overlay-type":"","overlay-color":"","overlay-opacity":"","overlay-gradient":""},"tablet":{"background-color":"var(--ast-global-color-5)","background-image":"","background-repeat":"repeat","background-position":"center center","background-size":"auto","background-attachment":"scroll","background-type":"","background-media":"","overlay-type":"","overlay-color":"","overlay-opacity":"","overlay-gradient":""},"mobile":{"background-color":"var(--ast-global-color-5)","background-image":"","background-repeat":"repeat","background-position":"center center","background-size":"auto","background-attachment":"scroll","background-type":"","background-media":"","overlay-type":"","overlay-color":"","overlay-opacity":"","overlay-gradient":""}},"footnotes":""},"class_list":["post-154","page","type-page","status-publish","hentry"],"_links":{"self":[{"href":"https:\/\/seetro.org\/2025\/wp-json\/wp\/v2\/pages\/154","targetHints":{"allow":["GET"]}}],"collection":[{"href":"https:\/\/seetro.org\/2025\/wp-json\/wp\/v2\/pages"}],"about":[{"href":"https:\/\/seetro.org\/2025\/wp-json\/wp\/v2\/types\/page"}],"author":[{"embeddable":true,"href":"https:\/\/seetro.org\/2025\/wp-json\/wp\/v2\/users\/2"}],"replies":[{"embeddable":true,"href":"https:\/\/seetro.org\/2025\/wp-json\/wp\/v2\/comments?post=154"}],"version-history":[{"count":10,"href":"https:\/\/seetro.org\/2025\/wp-json\/wp\/v2\/pages\/154\/revisions"}],"predecessor-version":[{"id":1603,"href":"https:\/\/seetro.org\/2025\/wp-json\/wp\/v2\/pages\/154\/revisions\/1603"}],"wp:attachment":[{"href":"https:\/\/seetro.org\/2025\/wp-json\/wp\/v2\/media?parent=154"}],"curies":[{"name":"wp","href":"https:\/\/api.w.org\/{rel}","templated":true}]}}